What is the remainder when 7915 is divided by 877?
22
Calculate the remainder when 11169 is divided by 114.
111
What is the remainder when 114 is divided by 81?
33
Calculate the remainder when 2110 is divided by 39.
4
Calculate the remainder when 58 is divided by 13.
6
Calculate the remainder when 291 is divided by 116.
59
Calculate the remainder when 24 is divided by 18.
6
What is the remainder when 426 is divided by 68?
18
Calculate the remainder when 367 is divided by 26.
3
What is the remainder when 2668 is divided by 25?
18
What is the remainder when 224 is divided by 27?
8
What is the remainder when 235 is divided by 59?
58
Calculate the remainder when 19 is divided by 19.
0
What is the remainder when 121 is divided by 55?
11
What is the remainder when 1713 is divided by 8?
1
Calculate the remainder when 69 is divided by 25.
19
What is the remainder when 6078 is divided by 36?
30
Calculate the remainder when 146 is divided by 68.
10
What is the remainder when 195 is divided by 40?
35
What is the remainder when 5076 is divided by 78?
6
Calculate the remainder when 156 is divided by 23.
18
What is the remainder when 405 is divided by 46?
37
Calculate the remainder when 172 is divided by 103.
69
Calculate the remainder when 949 is divided by 234.
13
What is the remainder when 4840 is divided by 18?
16
What is the remainder when 752 is divided by 9?
5
What is the remainder when 4073 is divided by 97?
96
What is the remainder when 1401 is divided by 39?
36
What is the remainder when 2177 is divided by 9?
8
Calculate the remainder when 148 is divided by 5.
3
What is the remainder when 37 is divided by 10?
7
Calculate the remainder when 2850 is divided by 14.
8
Calculate the remainder when 37 is divided by 10.
7
Calculate the remainder when 70 is divided by 41.
29
Calculate the remainder when 928 is divided by 188.
176
Calculate the remainder when 647 is divided by 309.
29
Calculate the remainder when 252 is divided by 23.
22
Calculate the remainder when 209 is divided by 112.
97
Calculate the remainder when 1115 is divided by 1.
0
What is the remainder when 1201 is divided by 43?
40
What is the remainder when 167 is divided by 58?
51
What is the remainder when 300 is divided by 36?
12
Calculate the remainder when 133 is divided by 27.
25
What is the remainder when 2083 is divided by 687?
22
Calculate the remainder when 128 is divided by 19.
14
Calculate the remainder when 35 is divided by 22.
13
Calculate the remainder when 305 is divided by 24.
17
What is the remainder when 538 is divided by 30?
28
Calculate the remainder when 1757 is divided by 88.
85
Calculate the remainder when 244 is divided by 49.
48
Calculate the remainder when 278 is divided by 56.
54
Calculate the remainder when 26 is divided by 6.
2
Calculate the remainder when 2416 is divided by 24.
16
Calculate the remainder when 411 is divided by 3.
0
Calculate the remainder when 145 is divided by 14.
5
Calculate the remainder when 3505 is divided by 54.
49
Calculate the remainder when 1731 is divided by 18.
3
What is the remainder when 237 is divided by 60?
57
Calculate the remainder when 1846 is divided by 84.
82
Calculate the remainder when 108 is divided by 11.
9
Calculate the remainder when 141 is divided by 10.
1
What is the remainder when 167 is divided by 6?
5
What is the remainder when 218 is divided by 131?
87
Calculate the remainder when 221 is divided by 73.
2
What is the remainder when 45 is divided by 6?
3
Calculate the remainder when 2217 is divided by 25.
17
What is the remainder when 595 is divided by 50?
45
What is the remainder when 49 is divided by 23?
3
What is the remainder when 2795 is divided by 46?
35
What is the remainder when 104 is divided by 18?
14
Calculate the remainder when 651 is divided by 214.
9
What is the remainder when 87 is divided by 9?
6
Calculate the remainder when 99 is divided by 23.
7
What is the remainder when 453 is divided by 65?
63
What is the remainder when 5067 is divided by 203?
195
What is the remainder when 81 is divided by 45?
36
What is the remainder when 1287 is divided by 133?
90
Calculate the remainder when 768 is divided by 77.
75
Calculate the remainder when 4948 is divided by 11.
9
Calculate the remainder when 5542 is divided by 18.
16
What is the remainder when 3915 is divided by 80?
75
What is the remainder when 139 is divided by 48?
43
Calculate the remainder when 1391 is divided by 87.
86
Calculate the remainder when 37510 is divided by 36.
34
What is the remainder when 94 is divided by 24?
22
Calculate the remainder when 1295 is divided by 642.
11
What is the remainder when 1429 is divided by 263?
114
Calculate the remainder when 231 is divided by 52.
23
Calculate the remainder when 120 is divided by 39.
3
What is the remainder when 3513 is divided by 11?
4
What is the remainder when 38 is divided by 6?
2
What is the remainder when 287 is divided by 36?
35
What is the remainder when 157 is divided by 38?
5
What is the remainder when 13775 is divided by 21?
20
What is the remainder when 260 is divided by 100?
60
Calculate the remainder when 2903 is divided by 17.
13
What is the remainder when 584 is divided by 14?
10
Calculate the remainder when 100 is divided by 17.
15
Calculate the remainder when 4708 is divided by 6.
4
Calculate the remainder when 116 is divided by 38.
2
What is the remainder when 488 is divided by 49?
47
What is the remainder when 16 is divided by 14?
2
Calculate the remainder when 1544 is divided by 172.
168
Calculate the remainder when 558 is divided by 169.
51
What is the remainder when 9316 is divided by 79?
73
Calculate the remainder when 1062 is divided by 19.
17
Calculate the remainder when 787 is divided by 89.
75
Calculate the remainder when 506 is divided by 30.
26
Calculate the remainder when 573 is divided by 142.
5
Calculate the remainder when 2663 is divided by 7.
3
What is the remainder when 120 is divided by 40?
0
Calculate the remainder when 5169 is divided by 3.
0
What is the remainder when 1116 is divided by 32?
28
What is the remainder when 1729 is divided by 62?
55
Calculate the remainder when 2189 is divided by 43.
39
What is the remainder when 3914 is divided by 27?
26
Calculate the remainder when 407 is divided by 401.
6
Calculate the remainder when 403 is divided by 80.
3
Calculate the remainder when 79 is divided by 48.
31
What is the remainder when 176 is divided by 96?
80
Calculate the remainder when 9893 is divided by 110.
103
Calculate the remainder when 117 is divided by 30.
27
Calculate the remainder when 610 is divided by 36.
34
Calculate the remainder when 990 is divided by 36.
18
Calculate the remainder when 39 is divided by 3.
0
What is the remainder when 1458 is divided by 4?
2
Calculate the remainder when 54 is divided by 42.
12
Calculate the remainder when 1349 is divided by 1257.
92
What is the remainder when 71 is divided by 37?
34
Calculate the remainder when 399 is divided by 117.
48
What is the remainder when 38 is divided by 8?
6
Calculate the remainder when 98 is divided by 54.
44
Calculate the remainder when 364 is divided by 125.
114
Calculate the remainder when 2881 is divided by 11.
10
Calculate the remainder when 12021 is divided by 30.
21
Calculate the remainder when 2296 is divided by 255.
1
What is the remainder when 175 is divided by 15?
10
Calculate the remainder when 250 is divided by 16.
10
What is the remainder when 21485 is divided by 377?
373
What is the remainder when 1666 is divided by 404?
50
Calculate the remainder when 220 is divided by 73.
1
Calculate the remainder when 27 is divided by 5.
2
What is the remainder when 1046 is divided by 47?
12
What is the remainder when 2970 is divided by 495?
0
What is the remainder when 1194 is divided by 26?
24
What is the remainder when 1587 is divided by 790?
7
What is the remainder when 405 is divided by 51?
48
What is the remainder when 262 is divided by 47?
27
What is the remainder when 96 is divided by 80?
16
What is the remainder when 513 is divided by 173?
167
Calculate the remainder when 419 is divided by 60.
59
Calculate the remainder when 451 is divided by 76.
71
What is the remainder when 935 is divided by 52?
51
Calculate the remainder when 196 is divided by 9.
7
What is the 